ate the greatest common factor of 6 and w.
6
Let a be 504*(126/12)/21. What is the greatest common divisor of 96 and a?
12
Suppose 4*h = 234 + 342. Suppose -3*d = -9*d + h. What is the highest common factor of 168 and d?
24
Let l(z) = -5*z - 4. Let d be l(-10). Let k(y) = 17*y**2 + 1. Let g be k(-2). Calculate the highest common factor of d and g.
23
Suppose -a + 665 = -0*a. Suppose -a = -7*h - 245. Suppose 4*r - 155 = -3*f - 2*f, 2*r - h = -2*f. Calculate the highest common divisor of f and 5.
5
Let i = 9 + 1. Let c be (18/(-27))/(((-4)/(-2))/(-210)). Calculate the highest common divisor of c and i.
10
Let q(x) = x**2 + 34*x + 264. Let h be q(-28). What is the greatest common factor of h and 1824?
96
Let i(y) = 2*y**2 + 3*y + 2. Let v be i(-2). Let m(p) = 3 - 7 + 61110*p - 61099*p. Let w be m(v). Calculate the greatest common factor of w and 8.
8
Let q = -317 + 607. What is the greatest common factor of q and 40?
10
Let b be ((-25)/(-10))/(2/(-4)). Let l = b - -12. Let m = 7 + 7. Calculate the greatest common divisor of m and l.
7
Let k(j) = j**3 - 7*j**2 + 3*j - 10. Suppose 33 = 5*x + 3*v - 11, 2*x = v + 11. Let b be k(x). Calculate the highest common divisor of 44 and b.
11
Let f be 5 + -2 - (-103 + -1). Suppose -a + 2*l + 25 = 0, -3*a - 2*l + f = -0*a. Let n = a - 17. What is the greatest common factor of 176 and n?
16
Let q be 48/36*((-23)/(-2) - -2). Let v = q - 14. What is the highest common divisor of 16 and v?
4
Let t(j) = -j**2 - 27*j - 57. Let c be t(-23). What is the highest common divisor of 455 and c?
35
Let x(b) = b**2 + 2*b - 3. Let m be x(-3). Let f be 0 + 1 - -14 - m. Let v = -4194 + 4329. Calculate the greatest common factor of f and v.
15
Let n = 11717 - 11672. Let a(h) = -h**3 + h + 15. Let k be a(0). Calculate the highest common divisor of k and n.
15
Let w = 110 - 64. Let g = w + -45. Calculate the highest common divisor of g and 5.
1
Suppose 26*q = 17*q + 270. What is the highest common divisor of q and 240?
30
Let x(z) = z**3 - 5*z**2 - 7*z + 13. Let q be x(6). Let m be ((-21)/q)/(2/(-10)). What is the greatest common divisor of m and 5?
5
Let q(n) = n**3 + 9*n**2 + 6. Suppose 8 = l - 4. Suppose 2*d - x = -3 - l, 5*d + 30 = 5*x. Let y be q(d). What is the greatest common divisor of y and 42?
6
Let d(u) = 10*u**2 - 24*u + 56. Let s be d(2). Calculate the highest common divisor of 252 and s.
12
Suppose -3*u + q = -2*u + 1, 0 = 3*u - 4*q + 8. What is the highest common factor of u and 68?
4
Let b be 1 + 3 - (-1)/1. Suppose -8*h = -15*h + 182. Let o = h - 24. Calculate the highest common divisor of b and o.
1
Let a = -4 + -1. Let n be (-18)/45 + (-152)/a. Suppose -5*b + 1165 = -35. What is the highest common factor of b and n?
30
Suppose -114 = -4*a + 3*y, 0 = -2*a - y - y + 64. Calculate the greatest common factor of a and 18.
6
Suppose 0 = -8*v + 14*v - 150. Suppose 16*a - v*a + 315 = 0. What is the highest common divisor of a and 5?
5
Let q(b) = 0 + b + 6 + 7*b**2 - 2*b. Let u = 1738 + -1736. Let i be q(u). Calculate the greatest common factor of 8 and i.
8
Suppose 21 = 7*t - 70. Calculate the highest common factor of 1430 and t.
13
Let p = 519 - 512. What is the highest common divisor of 112 and p?
7
Let j be (-2*(-1)/(-2))/(-1). Let w = 2 + j. Let m = -968 + 971. Calculate the greatest common divisor of m and w.
3
Let v be 264/60 - 2/5. Suppose 4*r + 0*r - 36 = 5*n, -v*r - 3*n + 4 = 0. Let w be (-2)/(-5) - 7/(70/(-116)). What is the highest common factor of w and r?
4
Let j = 16 + -6. Let b be 5*(4 + -3) + 0. Suppose 3*o + 447 = b*h, -o = h - 0*h - 91. What is the highest common divisor of h and j?
10
Suppose -5*f - 2*o = -10, 2*f - 4 + 1 = -o. Let g(p) = -2*p**2 + p. Let m be g(-2). Let w = 14 + m. Calculate the greatest common divisor of w and f.
4
Let t = 14 - 17. Let s be -3 - (t + 3) - -104. Let y = s - 51. What is the greatest common divisor of 10 and y?
10
Let z be (-3975)/(-21) - (5 - 198/42). What is the highest common divisor of z and 54?
27
Let x be (66/24 + -5)*4*-1. Calculate the greatest common factor of 207 and x.
9
Let c be (-3172)/7 - 10/(-70). Let g = c - -765. Calculate the greatest common divisor of g and 39.
39
Suppose 2*q + 240 = 26*q. Calculate the highest common factor of 5 and q.
5
Let y(w) = w**3 - w**2 + w - 1. Let g(l) = -5*l**3 + 15*l**2 - 10. Let z(a) = g(a) + 4*y(a). Let p be z(9). What is the greatest common divisor of 23 and p?
23
Let j = -15 + 42. Let o(x) be the first derivative of -x**3/3 + 2*x**2 + 3*x + 2. Let m be o(4). Calculate the greatest common divisor of m and j.
3
Let t be (1 - 0)/(4/12). Suppose t*r - 45 = -0*r. Let w be 25*(-2 - -6 - 1). What is the highest common divisor of w and r?
15
Suppose -81*q = -50*q - 2542. Calculate the greatest common divisor of 738 and q.
82
Let i be (-8 + 7)/((-1)/6). Suppose -3*w + 16 = 4*z, -i*w + 3*w = -12. Calculate the highest common factor of 8 and z.
1
Let o(p) = p**3 + 12*p**2 + 19*p - 13. Let z be o(-10). Let y be -4*1 + (z - -39). Calculate the highest common factor of 96 and y.
32
Let j = 872 + -832. What is the highest common factor of j and 50?
10
Let b(i) = -i**3 - 15*i**2 - 41*i - 44. Let d be b(-12). Calculate the highest common divisor of 312 and d.
8
Suppose 2*g + 33 = 43. Suppose z - 15 = g. What is the highest common divisor of 10 and z?
10
Suppose -4*q + 22 = 10. Suppose -q*w + 3*r = -282, -w + 0*r + 2*r + 90 = 0. Calculate the greatest common factor of 14 and w.
14
Let r = -336 - -345. Let m = 55 - 28. What is the greatest common factor of r and m?
9
Let z(o) = -45*o - 316. Let k be z(-9). Calculate the highest common divisor of k and 3.
1
Let p = 1976 + -1349. Calculate the greatest common divisor of p and 132.
33
Suppose -7*x + 206 = -67. Calculate the greatest common divisor of 2 and x.
1
Let r(d) = 42*d**3 + 18*d - 78*d**3 - 15 - 5*d**2 + 35*d**3. Let y be r(-8). Calculate the highest common divisor of 231 and y.
33
Suppose 0*o - r = o - 9, 39 = 4*o + 3*r. Let l = o + 0. Calculate the greatest common factor of 42 and l.
6
Let d be (-30)/20*12/(-2). Let l(t) = -t**3 + 10*t**2 - 57. Let a be l(9). What is the highest common divisor of a and d?
3
Let a = 1416 + -772. Calculate the highest common factor of a and 56.
28
Suppose 2*n = -4*w - 0*n + 332, 2*w = -3*n + 162. Calculate the highest common divisor of 10 and w.
2
Let c(s) = s**3 + 7*s**2 - 9*s - 6. Let g be c(-8). Suppose -g = -2*v + 34. What is the highest common divisor of v and 72?
18
Let d(y) = -y**3 + 12*y**2 - 2*y - 38. Let c be d(11). Calculate the greatest common factor of c and 1037.
61
Let m be (-2)/((-40)/2204) - ((-392)/(-35) - 12). Let u(b) = 36*b + 1. Let i be u(1). Calculate the highest common divisor of i and m.
37
Suppose -4 = o - 6. Suppose -o*j + 3*j - 5 = 0. Calculate the highest common factor of j and 2.
1
Suppose 5*p - 5*s + 35 = 0, -4*p - 36 = -2*s - 14. Let k(m) = 2*m + 8. Let z be k(p). Let l be z + 38 - (-2)/2. What is the greatest common divisor of l and 26?
13
Suppose 31*g - 193 - 210 = 0. Suppose -99 = -5*v + 1266. Suppose 4*r = r + v. Calculate the greatest common divisor of g and r.
13
Let w(x) = -x**2 + 17*x - 13. Let q be w(17). Let p be -66*(-5 + q/(-3)). What is the highest common factor of 176 and p?
44
Suppose 4761 + 234 = 37*a. What is the greatest common factor of a and 180?
45
Let q(n) = n**3 + 15*n**2 + 25*n + 25. Let i be q(-11). What is the highest common factor of 156 and i?
78
Let t = -466 + 469. Calculate the highest common factor of t and 21.
3
Suppose 0 = -11*d + 2 + 20. Let l(j) = j**2 - 2*j - 1. Let f be l(3). Suppose 0 = 5*r - 25, -f*r + 25 - 3 = 3*o. What is the greatest common divisor of o and d?
2
Let n be (1 - (-1)/(-3))*6. Suppose -n*h = -0*c - 2*c, -3*c + 10 = -4*h. Suppose 0 = -4*f + 11 - 3. Calculate the greatest common divisor of c and f.
2
Let r = -171 - -206. What is the highest common divisor of 56 and r?
7
Suppose -115*p = -116*p + 215. Calculate the highest common divisor of p and 43.
43
Let a be 1 + 1 + 3/3. Suppose 5*u + 4*y = 41, -a*y + 1 + 1 = -2*u. What is the highest common divisor of u and 40?
5
Suppose 0 = q - 3*q + 6. Suppose 2*s + q = -s. Let j(c) = 63*c**2. Let p be j(s). What is the highest common factor of p and 7?
7
Suppose 3*l = -66 - 102. Let m = l + 74. What is the greatest comm